hat is x(-2)?
44
Let z(n) = n**3 + 7*n**2 + 11*n + 8. What is z(-6)?
-22
Let s(z) = -z**3 - 5*z**2 - 2*z + 11. Calculate s(-4).
3
Let q(t) = -12*t + 16. Calculate q(2).
-8
Let d(q) = q**3 - 14*q**2 + 17*q - 16. What is d(13)?
36
Let v(l) = 2*l**2 - 32*l + 7. Give v(16).
7
Let c(h) = -96*h + 288. Give c(3).
0
Let c(n) = n**3 - 7*n**2 - 8*n + 4. What is c(8)?
4
Let i(q) = -4*q + 8. What is i(9)?
-28
Let y(p) = -p + 3. What is y(-6)?
9
Let i(t) = -t - 2. Determine i(-2).
0
Let o(i) = 2*i**2 + 7*i + 14. Calculate o(-9).
113
Let j(y) = y**2 - 10*y + 17. Calculate j(10).
17
Let u(f) = -f**2 + 9*f + 3. What is u(7)?
17
Let d(v) = -6*v**2 - 4*v + 1. Calculate d(3).
-65
Let x(q) = q**3 - 4*q**2 + 3*q - 5. Calculate x(4).
7
Let m(g) = 2*g + 14. Determine m(0).
14
Let v(y) = y**3 - 15*y**2 + 11*y + 41. Calculate v(14).
-1
Let k(g) = -14*g + 165. Calculate k(12).
-3
Let y(t) = t**2 + 21*t + 38. What is y(-12)?
-70
Let z(p) = p**2 - 62*p + 528. What is z(10)?
8
Let f(l) = -2*l**2. Calculate f(0).
0
Let x(o) = 2*o**2 - 48*o + 191. Determine x(19).
1
Let x(o) = -o**2 + 3*o + 33. Determine x(8).
-7
Let a(s) = 8*s**2 - 3*s + 2. Determine a(1).
7
Let m(h) = -h**3 + 15*h**2 + 15*h - 13. Calculate m(16).
-29
Let h(x) = -x**3 - 7*x**2 + x + 7. What is h(-7)?
0
Let u(a) = -2*a + 25. What is u(-3)?
31
Let j(l) = 24*l - 63. Give j(3).
9
Let w(i) = -i**3 + 6*i**2 - 4*i - 7. What is w(5)?
-2
Let c(g) = g**2 - 30*g - 15. Determine c(29).
-44
Let g(o) = 4*o - 16. Determine g(3).
-4
Let t(m) = -m**3 - 14*m**2 - 9*m + 36. Calculate t(-13).
-16
Let l(d) = -d**3 - 4*d**2 + 6*d - 2. Calculate l(-5).
-7
Let x(g) = -5*g**3 - 30*g**2 + 5*g + 13. Give x(-6).
-17
Let o(b) = -b**2 + 12*b + 18. Calculate o(13).
5
Let u(t) = -21*t + 1. Determine u(-1).
22
Let k(g) = 2*g**2 + 9*g + 1. What is k(-4)?
-3
Let b(a) = -2*a**3. Give b(-1).
2
Let s(j) = j - 6. What is s(4)?
-2
Let k(n) = n**2 - 15*n + 24. What is k(13)?
-2
Let b(u) = -u**3 - 9*u**2 + u + 10. Determine b(-9).
1
Let l(i) = 4*i + 12. Calculate l(-5).
-8
Let q(v) = 2*v**2 + 3*v - 3. Calculate q(-7).
74
Let q(s) = -19*s + 179. Give q(9).
8
Let j(f) = f - 4. Determine j(-4).
-8
Let k(f) = 5*f - 40. Determine k(-5).
-65
Let i(j) = 3*j - 12. Calculate i(16).
36
Let k(p) = -5*p**2 - 12*p + 22. Give k(-4).
-10
Let o(v) = -v + 1. Give o(-8).
9
Let i(y) = -y**2 + 23*y - 14. What is i(22)?
8
Let c(d) = d**2 - 16*d + 65. Calculate c(12).
17
Let z(x) = -x**3 + 10*x**2 + 42*x + 11. Calculate z(-3).
2
Let f(d) = 8*d**2 + 1. What is f(-2)?
33
Let o(n) = -n - 31. Calculate o(-5).
-26
Let d(k) = -k + 11. Determine d(12).
-1
Let h(p) = -6*p**2 + p - 2. Calculate h(2).
-24
Let g(p) = p**3 + 17*p**2 + 11*p + 23. Give g(-16).
103
Let p(d) = -7*d**3 + 2*d**2 - 4*d + 3. What is p(2)?
-53
Let p(d) = 2*d + 58. Determine p(-25).
8
Let m(z) = -z**2 + 4*z + 3. Calculate m(5).
-2
Let n(v) = -29*v - 84. Determine n(-3).
3
Let b(h) = -7*h - 14. What is b(-3)?
7
Let c(b) = -b - 3. Calculate c(-4).
1
Let w(u) = u**3 + 17*u**2 + 43*u + 15. Determine w(-14).
1
Let i(o) = o**2 - 37*o + 300. Calculate i(25).
0
Let t(o) = 24*o + 134. Give t(-6).
-10
Let i(m) = m**2 - 8*m - 13. Give i(11).
20
Let i(s) = -2*s + 9. Determine i(13).
-17
Let v(o) = o**2 + 1. Calculate v(-2).
5
Let y(t) = -3*t**2 + 4*t. Determine y(-3).
-39
Let f(r) = 2*r**3 - 10*r**2 - r + 5. What is f(5)?
0
Let z(h) = -19*h + 22. Calculate z(2).
-16
Let w(u) = 2*u + 18. Calculate w(7).
32
Let s(t) = -t**3 - 5*t**2 - 8*t - 21. What is s(-4)?
-5
Let a(v) = 16*v - 107. Calculate a(6).
-11
Let b(s) = s**2 + 11*s - 133. Determine b(7).
-7
Let b(g) = -4*g**2 + 4*g - 4. Determine b(1).
-4
Let o(g) = -g**3 + 4*g**2 - 3*g. Calculate o(1).
0
Let v(m) = -m**2 + m. Calculate v(4).
-12
Let j(u) = -u**2 - 15*u + 30. Calculate j(-16).
14
Let a(k) = -k**2 + 16*k + 58. Determine a(-3).
1
Let a(l) = -l - 1. Determine a(-2).
1
Let h(x) = 2*x - 1. What is h(-8)?
-17
Let t(c) = -c**2 + 22*c + 18. Determine t(21).
39
Let v(i) = i**3 - 3*i**2 - 4*i + 1. Determine v(3).
-11
Let q(h) = -h**3 - 12*h**2 - 11*h + 100. Determine q(-10).
10
Let m(g) = g**2 + 5*g - 29. What is m(4)?
7
Let r(l) = -14*l**3 - l**2 - 2*l - 1. What is r(-1)?
14
Let c(m) = m**3 - m**2 - m. What is c(0)?
0
Let v(u) = 2*u**3 + 4*u**2 + 19. What is v(0)?
19
Let n(g) = -g**3 + 9*g**2 + 1. Give n(9).
1
Let x(a) = -a**3 - 5*a**2 + 7*a + 5. Calculate x(-4).
-39
Let o(n) = -3*n**2 + 42*n - 84. Give o(11).
15
Let n(f) = 3*f**3 + 7*f**2 - 11*f - 1. Determine n(-4).
-37
Let g(h) = -h**3 + 8*h**2 + 10*h - 3. What is g(9)?
6
Let s(b) = -3*b**3 - 5*b**2 + 4*b - 2. Give s(3).
-116
Let q(y) = -7*y - 94. Calculate q(-27).
95
Let z(f) = -553*f + 1107. What is z(2)?
1
Let o(s) = s**3 + 21*s**2 - 42*s + 84. Calculate o(-23).
-8
Let n(r) = -r**3 - 6*r**2 - 2*r + 15. Calculate n(-5).
0
Let z(q) = 25*q + 116. What is z(-6)?
-34
Let g(h) = -h**2 + 20*h - 14. Give g(15).
61
Let k(i) = -28*i + 51. Determine k(3).
-33
Let j(a) = -a + 24. Give j(11).
13
Let r(n) = -n + 3. Determine r(-6).
9
Let v(x) = x**3 - x + 22. Determine v(0).
22
Let v(x) = x**2 + 15*x - 32. Determine v(-17).
2
Let b(t) = t**3 + 9*t**2 + 12*t - 8. Determine b(-6).
28
Let h(r) = r**3 - 2*r**2 - 5*r - 3. Calculate h(3).
-9
Let i(a) = -a**3 - 2*a**2 + a - 3. What is i(3)?
-45
Let m(x) = -2*x + 4. Give m(13).
-22
Let p(i) = -i**3 + 4*i**2 + 47*i - 21. Give p(9).
-3
Let x(s) = s**3 + 9*s**2 + 17*s. What is x(-7)?
-21
Let q(g) = -11*g - 5. Determine q(11).
-126
Let d(p) = 3*p**3 - 4*p**2 - 5*p + 1. Give d(-1).
-1
Let n(i) = 3*i**3 - 2*i**2 - i - 7. What is n(3)?
53
Let x(t) = -8*t - 2. Give x(7).
-58
Let n(o) = o**2 - o - 1. Calculate n(-3).
11
Let w(g) = -g**3 - g**2 - g + 6. Calculate w(0).
6
Let q(w) = 32*w**2 + w + 3. What is q(-1)?
34
Let k(u) = -u - 15. What is k(6)?
-21
Let c(r) = -2*r + 2. Give c(-7).
16
Let r(j) = j**3 - 22*j**2 + 20*j + 14. Give r(21).
-7
Let z(t) = -2*t - 51. Calculate z(-18).
-15
Let c(t) = -t**3 - 5*t**2 - 5*t - 2. Determine c(-4).
2
Let f(v) = v**3 - 16*v**2 + v + 14. Determine f(16).
30
Let t(l) = 4*l**3 - 2*l**2 - 2*l + 4. Give t(1).
4
Let p(n) = 9*n**3 + 2*n**2 - n + 2. Determine p(-2).
-60
Let z(v) = -4*v + 22. Give z(5).
2
Let n(i) = -2*i + 21. Give n(14).
-7
Let y(w) = -3*w + 7. Give y(6).
-11
Let p(c) = -19*c - 103. What is p(-6)?
11
Let k(g) = -g + 15. Give k(20).
-5
Let g(v) = v**3 - v**2 - 4*v + 11. Determine g(5).
91
Let r(u) = -3*u**2 + 27*u - 11. Determine r(8).
13
Let u(j) = -2*j**2 + 18*j - 19. Calculate u(8).
-3
Let h(a) = -a**3 - 7*a**2 + a - 1. Give h(-6).
-43
Let o(i) = 4*i + 24. What is o(-7)?
-4
Let v(q) = -3*q**2 + 15. What is v(6)?
-93
Let k(n) = -n**3 - 8*n**2 - 7. What is k(-8)?
-7
Let d(i) = 2*i. Calculate d(-5).
-10
Let p(b) = -b**2 + 5*b + 10. What is p(9)?
-26
Let f(c) = c**3 - 20*c**2 - 23*c + 27. Determine f(21).
-15
Let r(c) = c**3 - 2*c**2 - 5*c + 2. Determine r(4).
14
Let j(v) = v**3 - 5*v**2 - 32*v - 31. Calculate j(9).
5
Let l(b) = 2*b + 7. Determine l(7).
21
Let z(m) = 11*m + 88. Determine z(-9).
-11
Let t(g) = g**3 - 3*g**2 - 2*g - 4. Calculate t(4).
4
Let y(k) = -k + 28. Determine y(15).
13
Let v(l) = -17*l - 480. What is v(-28)?
-4
Let s(p) = -p**3 + 32*p**2 - 62*p + 61. Determine s(30).
1
Let l(t) = 2*t + 17. Determine l(-8).
1
Let v(y) = 112*y**2 + 4*y - 2. Give v(-1).
106
Let m(r) = r - 13. What is m(13)?
0
Let k(i) = -i**2 + i + 21. Determine k(-5).
-9
Let b(l) = 5*l + 26. Determine b(-7).
-9
Let l(s) = -s**3 + 5*s**2 + 3. Give l(5).
3
Let s(f) = -f**2 + 3*f + 1. What is s(0)?
1
Let u(q) = -2*q**2 + 11*q + 6. What is u(6)?
0
Let r(z) = -z**3 + 6*z**2 - 2*z - 5. What is r(4)?
19
Let z(r) = -6*r**2 - 5*r - 12. Calculate z(-3).
-51
Let a(b) = -6*b + 11. Calculate a(-6).
47
Let b(a) = -8*a - 24. Give b(-4).
8
Let d(o) = o**3 + 14*o**2 + 14*o + 14. Give d(-13).
1
Let l(x) = x**3 + x**2 + x - 15. What is l(3)?
24
Let b(n) = -2*n**3 - 48*n**2 - 3*n + 11. Give b(-24).
83
Let r(a) = -a**2 - a + 9. Give r(-6).
-21
Let k(n) = 5*n - 1. Give k(-3).
-16
Let o(w) = -w - 173. What is o(0)?
-173
Let a(t) = t**3 - 7*t**2 + 4*t - 6. Determine a(7).
22
Let h(n) = 2*n + 24. Give h(-7).
10
Let u(g) = -12*g + 47. What is u(4)?
-1
Let b(a) = -7*a - 70. Give b(-4).
-42
Let f(u) = -u**3 + 4*u**2 + u + 3. Determine f(4).
7
Let w(r) = -r**2 + 5*r + 3. Calculate w(9)